7 + -4)?
4
(202 - 90) + -174 - 46
-108
What is the value of (37 - 39) + 60 + (-7 - -4) + -4?
51
Calculate 183 + -163 + -82 - (2 + -4).
-60
Evaluate -4 + (-57 + 11 - -47) + -1 + -58 + 1.
-61
Calculate -47 - 6 - ((9 - 10) + (0 - -4) + -4).
-52
What is (-3 + -4 + (20 - 18) + 9 - -4) + -55?
-47
Evaluate -12 - 6 - 5 - -44.
21
159 + -47 + (-170 - -134)
76
Evaluate 8 + -2 + -16 - (-10 + (-29 + 17 - 51)).
63
Calculate -10 - -60 - -24 - (-9 + 4 + -6).
85
What is the value of (-71 - -9) + (14 - (5 - 14))?
-39
What is the value of -200 + 176 - (-3 + -64)?
43
3231 - 3153 - (4 - (4 + (0 - 2)) - 2)
78
38 - (111 - -14) - -43
-44
Evaluate 14 - ((1 - 1) + 18 - (-49 - -35)) - 0.
-18
(-2 - 2) + 12 + 5 + (-158 - -74 - -79)
8
Calculate (4 - ((-8 - -9) + (0 - -5))) + 21.
19
What is -51 - (79 + -66) - -52?
-12
Calculate 82 + (1 - -16 - 51) + 9.
57
2 - 9 - ((-37 - 14) + 23)
21
Calculate 28 + -6 + -4 + -35 + (-1 - 54).
-72
Evaluate -107 - (-187 + 83) - (2 - 0 - -6).
-11
What is the value of 26 + 14 + -38 - (28 - 119)?
93
Calculate (8 + -8 - -13) + (9 - (-15 - -33)).
4
Evaluate (54 - (2 - 0)) + (1 + -3 - (-2209 - -2206)).
53
(-684 - -708) + (0 - -115) - 18
121
Evaluate -133 + (5 - (-5 - 1)) + (4 - (17 - -1)).
-136
What is (12 - -1) + (156 - 119 - 55)?
-5
What is 40 - -67 - (-11 - -67)?
51
Evaluate 18 - (-13 + 10 + -24 + 28 - -28).
-11
-24 + (-10 - -12) - (-70 - -90)
-42
What is -130 + (-64 - -184) + -2?
-12
What is the value of (2 - 8) + -17 + 110 + -43 + 34?
78
What is -13 - (-33 - (-44 - -22))?
-2
(-230 - -31 - -75) + (-1 - -3) + (-3 - -15)
-110
Evaluate -12 + (117 + (1 - 4) - (32 + -44 + 9)).
105
Evaluate 58 + -7 - (-5 - (-3 - 10 - 2)).
41
What is the value of 2 + (68 - (83 + 47))?
-60
Calculate (20 - (35 + -19)) + -3 - (54 - 5).
-48
What is the value of -11 + 4 + 17 + 24 + -64?
-30
Calculate (-29 + -12 + 40 - -53) + -10.
42
Calculate -37 - (23 + (-99 + 28 - -34)).
-23
What is the value of -3 - (13 + (39 + 66 - (2 - (-2 - 1))))?
-116
What is -16 - (7 - (13 + -6 + (12 - 9)))?
-13
(15 + -24 + -7 - -37) + (-2 - -1 - 0)
20
What is the value of (-15 - (20 + -16)) + (28 - -19)?
28
Calculate -24 + ((8 - 3) + -34 - (-127 - -109)).
-35
Evaluate (-2616 - -2594) + -4 + -16.
-42
Calculate 10 + (47 - (-1 - -1)) + 1 + 3.
61
Evaluate (-1 - -9) + (-114 - -113) + (-77 - (-23 + 13)).
-60
Calculate (39 - (-40 + 56)) + 8.
31
What is 8 - (-16 - -57 - 22) - (-3 - 28)?
20
Calculate -161 + 172 + (-1 - 1) - (3 + -1 + -62).
69
(15 - (-14 + 126 + -7 + 9)) + -1 + -12
-112
What is (46 - -73 - -36) + -69?
86
Evaluate 1 + 3 - (-10 - (34 - (3 + -21))).
66
Calculate (-4 - 0 - (31 + 3)) + -12 + (9 - 5).
-46
What is the value of 52 - (0 + -1) - (-5566 + 5586)?
33
-8 - ((8 - -9 - 15) + -90 + 10)
70
(5 - 14) + 5 + 35 + -33
-2
Evaluate (33 - (110 - 17)) + 57.
-3
Evaluate 87 - (-16 + 10 + -2 - (-6 + 2)).
91
What is the value of -39 + 47 + (-66 - -34)?
-24
(-63 + 6 - (-21 + 18 - 3)) + -8
-59
What is 0 + (-9 - (-1 - (5 + -5 + 3)))?
-5
Evaluate -21 + 89 - 35 - 48.
-15
What is (-3 - 48) + 1807 + -1714?
42
Evaluate -14 + -67 + 30 + 16.
-35
What is (12 + 5 - 10) + -17 + (21 - 13)?
-2
What is (-13 - (-4 + 0) - 5 - -18) + 18?
22
Calculate -39 + (-4 + 3 + -8 - 9) + 7.
-50
Calculate 4358 - 4369 - ((0 - -69) + -1).
-79
31 + (-86 - -20) - -21 - 33
-47
Evaluate -48 - (-35 - -13 - -15).
-41
(-20 - -10) + (-7 + 2 - -6)
-9
What is 413 + (-485 - -67) + 0 + 57 + -1?
51
What is the value of 2 - (16 + (4 - -1)) - (-8 + -6)?
-5
What is (-1432 - -1437) + (-16 - (-3 + 0)) - 60?
-68
What is (-39 - (-55 + 35)) + 25 + 42?
48
What is (-30 - (61 + -57)) + 128?
94
What is -26 + -3 - (-63 - -24 - -47)?
-37
-7 + 2 + 1 + -264 + 324
56
-7 + (8 - -4) + (910 - 843)
72
Calculate -180 + 191 - (25 + -2) - (-1 + 25).
-36
-41 + -71 - (-170 - 53)
111
What is the value of 0 + (-103 + 78 - (-5 + 15))?
-35
Calculate 1429 + -1458 + (-87 - 6).
-122
(6 - -3) + -15 + (0 + 1 + -4 - -56)
47
Calculate -1031 + 1051 + (-2 - 64).
-46
Calculate 8 + (33 + -14 - 13) + -5 + 38.
47
What is the value of 31 - 72 - (64 - 80)?
-25
What is 507 + -519 + (49 - -2)?
39
Calculate (633 - 639 - (-7 + -1)) + 12 + -22.
-8
Evaluate (-2 + 27 - 27) + -6 + 1 + (158 - 171).
-20
Calculate -1051 + 1033 - (-22 - (-3 - 0)).
1
4 - (-3 - 11 - (227 + -252))
-7
Calculate (23 - (41 - 10)) + 53.
45
Calculate 74 - ((11 - 1) + 14 + -10 + -12 + 2).
70
What is -27 + -3 - (-9 + -16 + -11 - -22)?
-16
-19 + -1 + (-410 - -416)
-14
What is (-50 + 21 - 13) + 23?
-19
What is -1 - 35 - (4913 - 4947)?
-2
What is the value of (13 - 10) + 7 - 2 - (-2 - -17 - -97)?
-104
Calculate -81 - (-2 + -2 + (-6 - 1) - (75 + -76)).
-71
Calculate -10 - (11 - -9 - 22 - (-4 + -39 - -3)).
-48
17 + (29 - (28 - -1)) + (-10 - -2)
9
1 + -17 + (-17 + 66 - 100)
-67
Calculate (-5 + -9 - -54) + -12 + 1 + 6 + -8.
27
What is the value of 47 + 0 + (29 - (16 + 44)) + 32?
48
What is the value of -89 - (-37 + -51) - (12 - 1)?
-12
-22 + -6 + (-15 - -37) - (-1 + -15)
10
What is the value of (-69 - (-14 - (5 + 3))) + (-20 - -12)?
-55
What is the value of (9 + 8 + -9 - (32 - 11)) + 26?
13
What is (8 - 4) + 8 + (15 - -1) - -11?
39
Evaluate 39 + (-8 - 19) + (-29 - -1) - 11 - -8.
-19
What is the value of (31 - (-28 - -16)) + (-1 - 74)?
-32
What is the value of (58 + -10 - (-3 - -6)) + -21?
24
Evaluate 106 + -38 - (3 + (-8 - -1) + (81 - 68)).
59
Evaluate -3 + -3 + (-11 - (30 + -7 + -7)).
-33
What is -20 - (79 - (64 + 35))?
0
Evaluate 13 - 11 - (-28 + 12) - 32 - -117.
103
Calculate -50 + (-28 - -58) - (1 - 8).
-13
What is 8 + -10 - -4 - (13 - 15) - 19?
-15
What is -5 - (-28 + 12 + 3 + (-2 - 43))?
53
What is the value of (20 + -5 - (-15 + 20 - 8)) + 31?
49
Evaluate -2 + -11 + (1 + 13 - (26 - 23)).
-2
-1 - 43 - (-2 + (15 - 6) + (-13 - -3))
-41
Calculate -9 + (65 + -18 + -10 - (8 + -5)).
25
2 + 75 - (24 + 25 + -56)
84
What is 14 - (-47 + -21 + 65 - (11 - 2) - 42)?
68
What is (-3 - 0 - (-4 - -1)) + (5 - (-22 + 16))?
11
What is the value of 6 + (-4 + -23 + 35 - (1 + -3))?
16
Calculate -34 - (28 - ((32 - 32) + -41)).
-103
(790 - 691) + (-18 - -1)
82
Calculate 55 + (-20 - (-5 + (17 - 20))).
43
What is the value of 804 - 805 - (-2 + 1 + 7)?
-7
Calculate -3 + (-34 - -35) - 15.
-17
What is (25 - (-1 - (-3 + 11 + -16))) + -14 + 13?
17
(16 - (15 + (-9 - 12))) + 23
45
What is the value of 19 + -17 + (-19 - -32) - (66 + -14)?
-37
What is 3 - (33 + -14 + -16 - 0)?
0
What is -44 + (154 - 34) + -68?
8
-105 + (100 - (166 + -100))
-71
(0 - -5) + (-52 + 15 - (41 + -36))
-37
Calculate (-4 + 19 + 10 - 24) + 15 + 47.
63
Evaluate (90 - 138) + (61 - 5).
8
What is 49 - -65 - 47 - -9?
76
Calculate (30 - (-13 + (30 - -4))) + 8 + -97.
-80
What is the value of 7 - (-1 + 6) - ((-4 + 0 - -10) + 4)?
-8
Evaluate 0 + (-39 - 3) + 33 + -22.
-31
Evaluate -57 + 2 + 48 + (76 - 106).
-37
Evaluate (-9 + 11 - -84) + 1 - (-8 - -25).
70
What is (7 + 11 - (-9 + 15) - (9 - 2)) + 3?
8
Evaluate 196 + -218 + (-1 - -10).
-13
Evaluate 1603 + -1648 + 0 + 95.
50
Calculate -31 - (-87 + (28 - 5)) - 18.
15
-12 - ((-185 - -178) + (1 - (3 - -2)))
-1
-3 + (-11 - (-5 + (-4 - -5))) - (1 - -1)
-12
What is (-92 + 194 - 123) + 50 + -2?
27
What is (27 - (-25 + 42)) + -1 + 3 + -77?
-65
(-113 - 0) + -2732 + 2792
-53
Calculate 100 + 19 + -211 - -126.
34
Calculate (-2461 - -2503) + 2 + -12.
32
What is -3 + (3 + -5 - (1 - 16)) + (100 - 179)?
-69
Calculate -24 - 0 - (7 - ((-12 - -21) + -8)).
-30
10 - 0 - (32 - ((111 - 113) + 4 + -1))
-21
What is 13 + (-27 + (36 - 20) - 20)?
-18
Evaluate -16 + (-13 - -25 - 9 - 0) + 0 + -2.
-15
Evaluate 43 - (42 + (26 - (16 + 25))).
16
30 + -8 + (-85 - -61) - (2 - -43)
-47
What is the value of 9 + -11 + -8 - (0 + (-11 - -5) - 34)?
30
Evaluate 0 + 0 + 47 + -1749 + 1737.
35
(-134 - (8 - 116)) + -82
-108
What is the value of (1 - -5) + (16 - (3 - -14)) + -4 - 7?
-6
104 + (-23 + 20 - 23) + 40 + -24 + 1
95
Calculate -3 - -14 - (37 - 124).
98
-6 + 14 + 10 + -32 + 8 - 7
-13
Evaluate 23 - (-18 + -26 - -9).
58
Evaluate -54 + (111 - 34) - (-65 + -3).
91
What is 60 + -76 - (4 + -7 + 44)?
-57
What is the value of 55 + -4 + 1 + 2 + (8 + -4 - 2)?
56
Evaluate (-138 - -138 - -57) + -58.
-1
3 + 0 - (-22 + 13 - 4 - -102 - -8)
-94
What is 170 - (8 + 4 + -67 + 91)?
134
-3 - (39 + 5 - (-79 - -210))
84
Evaluate -115 - -16 - (-92 - -4).
-11
Evaluate 234 + (-204 - 52) + -59 + -1.
-82
Evaluate 31 + -6 